tens digit of 604?
0
What is the tens digit of 3741?
4
What is the hundreds digit of 23065?
0
What is the ten thousands digit of 11267?
1
What is the ten thousands digit of 27813?
2
What is the units digit of 59202?
2
What is the tens digit of 8986?
8
What is the hundreds digit of 2812?
8
What is the hundreds digit of 52459?
4
What is the tens digit of 7220?
2
What is the hundreds digit of 3868?
8
What is the ten thousands digit of 13459?
1
What is the units digit of 77?
7
What is the tens digit of 32618?
1
What is the thousands digit of 1654?
1
What is the hundreds digit of 18110?
1
What is the units digit of 4737?
7
What is the tens digit of 76?
7
What is the units digit of 512?
2
What is the hundreds digit of 15414?
4
What is the thousands digit of 51944?
1
What is the tens digit of 544?
4
What is the units digit of 4410?
0
What is the units digit of 269?
9
What is the thousands digit of 3596?
3
What is the units digit of 48283?
3
What is the units digit of 642?
2
What is the thousands digit of 91114?
1
What is the ten thousands digit of 70246?
7
What is the tens digit of 1494?
9
What is the ten thousands digit of 19101?
1
What is the tens digit of 3537?
3
What is the ten thousands digit of 55142?
5
What is the units digit of 1212?
2
What is the hundred thousands digit of 122597?
1
What is the thousands digit of 82733?
2
What is the tens digit of 5971?
7
What is the units digit of 1128?
8
What is the units digit of 6540?
0
What is the thousands digit of 8961?
8
What is the units digit of 9190?
0
What is the hundreds digit of 354?
3
What is the units digit of 73006?
6
What is the tens digit of 885?
8
What is the units digit of 1017?
7
What is the hundreds digit of 987?
9
What is the ten thousands digit of 69383?
6
What is the hundreds digit of 21427?
4
What is the thousands digit of 2527?
2
What is the hundreds digit of 55416?
4
What is the thousands digit of 7230?
7
What is the thousands digit of 10630?
0
What is the hundreds digit of 313?
3
What is the hundreds digit of 4149?
1
What is the hundreds digit of 1165?
1
What is the hundreds digit of 48557?
5
What is the units digit of 23818?
8
What is the tens digit of 41902?
0
What is the thousands digit of 2584?
2
What is the thousands digit of 2720?
2
What is the tens digit of 2342?
4
What is the tens digit of 1065?
6
What is the units digit of 1076?
6
What is the tens digit of 27308?
0
What is the thousands digit of 2959?
2
What is the tens digit of 73?
7
What is the units digit of 26236?
6
What is the units digit of 387?
7
What is the units digit of 2650?
0
What is the tens digit of 3067?
6
What is the units digit of 8629?
9
What is the units digit of 10772?
2
What is the ten thousands digit of 18796?
1
What is the units digit of 167?
7
What is the units digit of 613?
3
What is the units digit of 2792?
2
What is the units digit of 1535?
5
What is the thousands digit of 58936?
8
What is the units digit of 6648?
8
What is the hundreds digit of 58982?
9
What is the tens digit of 10769?
6
What is the ten thousands digit of 29946?
2
What is the thousands digit of 37722?
7
What is the hundreds digit of 2230?
2
What is the thousands digit of 12653?
2
What is the tens digit of 86?
8
What is the units digit of 5818?
8
What is the units digit of 111091?
1
What is the tens digit of 23339?
3
What is the tens digit of 51?
5
What is the tens digit of 6606?
0
What is the hundreds digit of 13180?
1
What is the units digit of 987?
7
What is the units digit of 1953?
3
What is the units digit of 3528?
8
What is the tens digit of 494?
9
What is the tens digit of 1222?
2
What is the tens digit of 1869?
6
What is the tens digit of 31903?
0
What is the units digit of 1770?
0
What is the tens digit of 1678?
7
What is the thousands digit of 5728?
5
What is the hundreds digit of 8608?
6
What is the hundreds digit of 1006?
0
What is the thousands digit of 1302?
1
What is the units digit of 1116?
6
What is the thousands digit of 21435?
1
What is the thousands digit of 101226?
1
What is the units digit of 28335?
5
What is the units digit of 38706?
6
What is the thousands digit of 76167?
6
What is the hundreds digit of 8894?
8
What is the thousands digit of 6000?
6
What is the hundreds digit of 799?
7
What is the thousands digit of 2994?
2
What is the hundreds digit of 926?
9
What is the thousands digit of 4618?
4
What is the thousands digit of 2808?
2
What is the units digit of 26904?
4
What is the tens digit of 1234?
3
What is the hundreds digit of 29295?
2
What is the tens digit of 1360?
6
What is the thousands digit of 44525?
4
What is the thousands digit of 8217?
8
What is the units digit of 304?
4
What is the units digit of 8721?
1
What is the hundreds digit of 65292?
2
What is the units digit of 8965?
5
What is the tens digit of 1667?
6
What is the thousands digit of 30877?
0
What is the thousands digit of 9729?
9
What is the tens digit of 67729?
2
What is the hundreds digit of 18598?
5
What is the ten thousands digit of 84711?
8
What is the thousands digit of 32007?
2
What is the thousands digit of 124004?
4
What is the thousands digit of 3644?
3
What is the hundreds digit of 56035?
0
What is the tens digit of 186024?
2
What is the thousands digit of 1548?
1
What is the units digit of 1932?
2
What is the thousands digit of 43253?
3
What is the units digit of 70?
0
What is the units digit of 19909?
9
What is the thousands digit of 40592?
0
What is the units digit of 2817?
7
What is the tens digit of 668?
6
What is the units digit of 17231?
1
What is the ten thousands digit of 20138?
2
What is the units digit of 1277?
7
What is the tens digit of 15506?
0
What is the hundreds digit of 2876?
8
What is the thousands digit of 4045?
4
What is the hundreds digit of 5032?
0
What is the units digit of 58010?
0
What is the hundreds digit of 15068?
0
What is the thousands digit of 4621?
4
What is the units digit of 8654?
4
What is the ten thousands digit of 26617?
2
What is the hundreds digit of 88714?
7
What is the units digit of 14734?
4
What is the hundreds digit of 623?
6
What is the tens digit of 4317?
1
What is the units digit of 6149?
9
What is the tens digit of 29902?
0
What is the tens digit of 47271?
7
What is the units digit of 17128?
8
What is the units digit of 19775?
5
What is the hundreds digit of 934?
9
What is the thousands digit of 4391?
4
What is the tens digit of 9149?
4
What is the thousands digit of 79318?
9
What is the tens digit of 7101?
0
What is the thousands digit of 1321?
1
What is the thousands digit of 1891?
1
What is the hundreds digit of 7682?
6
What is the tens digit of 14354?
5
What is the thousands digit of 5057?
5
What is the thousands digit of 1724?
1
What is the thousands digit of 6530?
6
What is the tens digit of 5077?
7
What is the hundreds digit of 3028?
0
What is the units digit of 852?
2
What is the tens digit of 5339?
3
What is the thousands digit of 1206?
1
What is the thousands digit of 5545?
5
What is the hundreds digit of 611?
6
What is the units digit of 567?
7
What is the units digit of 17016?
6
What is the thousands digit of 3394?
3
What is the units digit of 47951?
1
What is the thousands digit of 2540?
2
What is the thousands digit of 40443?
0
What is the thousands digit of 10391?
0
What is the tens digit of 3102?
0
What is the tens digit of 4532?
3
What is the thousands digit of 1254?
1
What is the tens digit of 121101?
0
What is the units digit of 40258?
8
What is the thousands digit of 59368?
9
What is the thousands digit of 1088?
1
What is the hundreds digit of 362?
3
What is the tens digit of 22250?
5
What is the hundred thousands digit of 112609?
1
What is the thousands digit of 4929?
4
What is the tens digit of 624?
2
What is the units digit of 5536?
6
What is the tens digit of 1505?
0
What is the hundreds digit of 8512?
5
What is the hundreds digit of 15673?
6
What is the thousands digit of 26723?
6
What is the tens digit of 2475?
7
What is the units digit of 33021?
1
What is the thousands digit of 3715?
3
What is the hundreds digit of 1337?
3
What is the ten thousands digit of 24327?
2
What is the tens digit of 27813?
1
What is the thousands digit of 1617?
1
What is the tens digit of 83866?
6
What is the ten thousands digit of 18404?
1
What is the tens digi